 -3*i - 4520 = -5*h - i, x = 4*h + 5*i. What are the prime factors of h?
2, 3, 151
Let q(j) = 65*j**2 + 105*j - 908. List the prime factors of q(12).
2, 607
Let o(l) = -2*l**2 + 5. Let h be o(-6). Let s = 19 - h. What are the prime factors of s?
2, 43
Let i = 29444 - 22480. What are the prime factors of i?
2, 1741
Suppose -3*k - t + 2224 = 0, -13*k + 8*k + t = -3720. What are the prime factors of k?
743
Suppose 4*p + 44290 = n - 38821, -5*p - n - 103882 = 0. List the prime factors of p/(-10) - ((-855)/(-150) - 6).
2, 1039
Let z be (-30)/((-30)/5)*1. Suppose -2*g + 2*h + 496 = -0*g, 0 = -g + z*h + 240. List the prime factors of g.
2, 5
Let l be (-25 + 26)*(-10)/2. Let m(i) = -16*i**2 - 2*i - 2. Let v be m(l). What are the prime factors of (-4 + 78/24)/(2/v)?
3, 7
Let s(j) = j**3 - 15*j**2 - 14*j + 7. Let p be s(16). Suppose p = -k + 34. List the prime factors of 18/(k/3 + 2).
2, 3
Let z(m) = m**2 + 15*m - 29. Let s(r) = -r**3 - 11*r**2 - 14*r - 17. Let u be s(-10). Suppose 3*b + u + 31 = 0. List the prime factors of z(b).
5
Suppose 0 = -2*d - 12, 4*w - 77814 = -2*w + 5*d. List the prime factors of w.
2, 7, 463
Suppose 82 = 10*o - 18. Let v(f) = f**3 - 9*f**2 + 22*f - 27. List the prime factors of v(o).
293
Suppose 5327 = 4*z - 2*h - 38801, 11041 = z + 4*h. List the prime factors of z.
11, 17, 59
Suppose -2*k - 3*v = 0, -5*k + 3*v - 8*v = 0. Let t be 0 - 0 - (-8)/2. Let q = t - k. List the prime factors of q.
2
Suppose 758 - 4083 = -4*k - 5*p, -3*p = -3*k + 2460. What are the prime factors of (2 - (0 + 6))/((-22)/k)?
2, 3, 5
Suppose 2*s - 542 = -2*w, -1088 = -4*w - 0*w - 3*s. Suppose -5*f + 5 = -w. Let p = -29 + f. List the prime factors of p.
3
Suppose -r - 9*r + 20 = 0. Suppose 0 = r*j - 538 - 198. What are the prime factors of j?
2, 23
Suppose -12*i = -81*i + 999186 + 343623. List the prime factors of i.
3, 13, 499
Let a(b) = -771 + 451 + b + 396. List the prime factors of a(-15).
61
Let f = 473 - -745. Suppose -54*t + 52*t + f = 0. List the prime factors of t.
3, 7, 29
Suppose 0 = 5*n + i + 174 - 23, 4*n = -4*i - 108. Let p = -27 - n. What are the prime factors of 1/p + (-443)/(-4) + 1?
2, 7
Suppose -z + k = -6651, -12*z + 14*z - 13302 = k. Suppose -z = 58*d - 39943. List the prime factors of d.
2, 7, 41
Let f = -7246 + 25331. List the prime factors of f.
5, 3617
Let x(u) = -49*u**3 - 11*u**2 + 56*u + 213. List the prime factors of x(-6).
3, 5, 11, 61
Let k = -31 - -77. Let t = -114 + k. Let s = t + 84. What are the prime factors of s?
2
Suppose -43 = x - 5*r, 2*x + 95 = -3*r + 4*r. List the prime factors of x/(-112) + ((-2976)/7)/(-2).
3, 71
Let r = 12 - 20. Let u(g) = g**3 + 8*g**2 + g + 10. Let w be u(r). Suppose 3*d - 111 = -3*l, -w*d - 5*l = -84 + 13. What are the prime factors of d?
2, 19
Let c = 6 + -8. Let s = -113 - -101. List the prime factors of c*14*s/16.
3, 7
Let p(h) = -2*h**2 + 2*h + 4. Let r be p(-2). Let x be (-26)/r - 25/100. Suppose -w - x = 3*z - 5*w, 4*z = 4*w. List the prime factors of z.
3
Let r(y) = -y**2 + y + 24. Let c be r(5). Suppose -c*u + 2870 = 3*q, -10 = -4*q - 2. What are the prime factors of u?
2, 179
List the prime factors of (441/(-56) - -8) + (-1564969)/(-56).
2, 89, 157
Suppose 242*r - 71359 - 28570 = 790389. What are the prime factors of r?
13, 283
Suppose -j + 3*h = -22759 - 8510, 5*h = 4*j - 125111. What are the prime factors of j?
2, 3, 11, 79
Let k(j) = -j**2 - 2*j + 10. Let q be k(0). Suppose q*z = 1116 - 176. What are the prime factors of z?
2, 47
Suppose -s - 51562 = -3*z + 36949, -z + 29477 = 5*s. What are the prime factors of z?
2, 3, 11, 149
Let c = -5219 - -9552. List the prime factors of c.
7, 619
Let d = -10 - 36. Let o = d - -45. What are the prime factors of (4 - 0)*(8 + o + 3)?
2, 5
Let z be (-6)/16 - (-2 - (-26)/16). Suppose 5*k - 2*k - 612 = z. List the prime factors of k.
2, 3, 17
Let y(t) = 30853*t - 118. What are the prime factors of y(1)?
3, 5, 683
Let h be ((-50)/5)/(0 + -2). Suppose 413 = 2*m + h*i, -4*m + 582 = -3*i - 309. List the prime factors of m.
3, 73
Suppose -38*d - 9895 = 10435. Let b = -254 - d. List the prime factors of b.
281
Suppose -4*y - 6*m + 2*m = -25928, -3*m + 32418 = 5*y. List the prime factors of y.
2, 3, 23, 47
Suppose -34*j + 37*j - 5*z = 16291, 27205 = 5*j + 5*z. List the prime factors of j.
5437
Let w(u) = -46 - 1 - 25 - 38*u. What are the prime factors of w(-12)?
2, 3
Let i(p) = 6*p**2 + 8*p + 6878. List the prime factors of i(0).
2, 19, 181
Suppose 0 = o + 6*x - x - 807, -2501 = -3*o + x. Suppose -n + o = -m, -3*n + 2496 = -3*m + 6*m. List the prime factors of n.
2, 13
Let q(x) = 340*x + 5185. List the prime factors of q(42).
5, 17, 229
Let k be (-8 + 5)*(0 + 658/(-6)). Suppose -4*u - 159 = k. Let b = u - -153. What are the prime factors of b?
31
Let n = 42404 + 1711. What are the prime factors of n?
3, 5, 17, 173
Let k(y) = -86*y - 126. What are the prime factors of k(-43)?
2, 19, 47
Suppose 18258 = 42*m - 37*m + 4*b, -4*m - b = -14591. What are the prime factors of m?
2, 1823
Let t(s) = 2*s**3 + 3*s**2 + s - 7. Suppose 4*c + 16 = 44. What are the prime factors of t(c)?
7, 17
Let o(b) be the second derivative of b**5/20 - 29*b**4/12 + 11*b**3/3 + 13*b**2/2 - b + 44. What are the prime factors of o(29)?
3, 7, 31
Let z(g) = g**3 - 24*g**2 + 35*g + 26. Let c be z(23). Let n = -171 + c. List the prime factors of n.
131
Suppose -77*h - 8*h + 683280 = -7*h. List the prime factors of h.
2, 3, 5, 73
Let j(l) = 56*l - 16. Let a be j(-3). What are the prime factors of 6/(-69) + 316/a*-304?
2, 3, 29
Let f be ((-116)/87 - (-2)/6)*-863. Let t = 86 + f. List the prime factors of t.
13, 73
Suppose -3*c - 69 - 164 = -4*j, -227 = -4*j + c. Let i = j - 62. What are the prime factors of 246*(8/i)/(-2)?
2, 41
Let f(j) = j**2 + j - 16. Let l be f(-6). What are the prime factors of 5398/l - (-60)/140?
2, 193
Suppose 18*q - 15 = 15*q. Let h(s) = s**3 - s**2 - s. Let o(b) = -6*b**3 + 4*b**2 + 6*b - 8. Let g(m) = q*h(m) + o(m). List the prime factors of g(-5).
3, 29
Suppose 34*v = 58*v - 277815 + 4167. List the prime factors of v.
2, 5701
Suppose -43*o + 48*o + 3255 = 0. What are the prime factors of o/(-9) + (-4)/(24/2)?
2, 3
Let p(l) = -l**3 + 6*l**2 - 4*l - 4. Suppose -5*w + 3*w = 4*w. Suppose w = 3*s - 4*t - 20, t = 3*s - t - 16. What are the prime factors of p(s)?
2, 3
Let f = 94254 + -33924. List the prime factors of f.
2, 3, 5, 2011
List the prime factors of ((-1298)/(-2065) + (-10)/7)*-5365.
2, 29, 37
Let h(p) = p**3 + 30*p**2 - 27*p - 8. What are the prime factors of h(-22)?
2, 3, 743
Let l(p) = p**3 + 6*p**2 + 9*p + 20. Let v be l(-5). Suppose 4*n - n - b = 1194, -n - 5*b + 414 = v. List the prime factors of n.
3, 7, 19
Suppose -124250 + 396602 = 24*s. What are the prime factors of s?
2, 2837
Suppose 39 = 3*i - 4*r - 38, 3*i = -r + 82. What are the prime factors of (-37)/(-2) + i/18?
2, 5
Let f = 8505 - 3749. List the prime factors of f.
2, 29, 41
List the prime factors of 37660 - (((-1200)/10)/12 + 12).
2, 19, 991
Let x = -412 - -410. What are the prime factors of (15/((-135)/(-42)))/(x/(-357))?
7, 17
Let k(l) = 5 + 6 + 12*l**2 - 7 - 8*l. Suppose -3*q - v + 12 = 0, -5*q + 2*v - 3*v + 18 = 0. List the prime factors of k(q).
2, 11
Suppose x - 4*l = 1, 0 = -2*x - 3*l - 8 + 21. Suppose s - 2408 = 11*h - 14*h, x*s - 10 = 0. List the prime factors of h.
2, 401
Let p be 5 + (-3)/(12/8). Let l(x) = 3*x**2 + x. Let r be l(p). What are the prime factors of 45/r*(-824)/(-6)?
2, 103
Let u(b) = -11*b - 33. Let t be u(-5). Suppose t*a = 21*a + 519. List the prime factors of a.
3, 173
List the prime factors of (-15*(-7 + 6))/((-8)/((-26848)/6)).
2, 5, 839
Suppose 4*g + 5*x + 151 = -31, -2*g - 90 = 3*x. List the prime factors of ((-112)/g)/((-2)/(-282)).
7, 47
Let n(w) = 2*w**3 + 2*w**2 - w - 9. Let d be n(4). Suppose -90 = -c - d. What are the prime factors of (-4199)/c - (-5)/(-3)?
2, 3
Let q = -32 - -35. Suppose 7 = -2*u + 4*l + 763, 1140 = q*u - 3*l. What are the prime factors of u?
2, 191
Suppose 0 = 2*q - 4*q + 52. Let d(m) = -m**3 - 16*m**2 - 2*m - 22. Let v be d(-16). Let g = q + v. What are the prime factors of g?
2, 3
Let z = -5518 + 23035. What are the prime factors of z?
3, 5839
Let m(v) = 16*v**2 + 5*v + 11. Let q(f) = 5*f**2 + 2*f + 4. Let r(d) = 6*m(d) - 17*q(d)